{"id":37,"date":"2014-12-20T22:11:04","date_gmt":"2014-12-20T22:11:04","guid":{"rendered":"http:\/\/dreamhaven.pl\/2015\/?page_id=37"},"modified":"2017-03-21T01:40:53","modified_gmt":"2017-03-21T00:40:53","slug":"kontakt","status":"publish","type":"page","link":"http:\/\/dreamhaven.pl\/2015\/kontakt\/","title":{"rendered":"Kontakt"},"content":{"rendered":"<p>Zapraszamy do kontaktowania si\u0119 z nami drog\u0105 mailow\u0105 na adres:<strong>\u00a0<\/strong>\u00a0 \u00a0 \u00a0 \u00a0 \u00a0 \u00a0 \u00a0 \u00a0 \u00a0 \u00a0 \u00a0 \u00a0 \u00a0 \u00a0 \u00a0 \u00a0 \u00a0 \u00a0 \u00a0 \u00a0 \u00a0 \u00a0 \u00a0 \u00a0 \u00a0\u00a0<\/p>\n<table>\n<tbody>\n<tr>\n<td rowspan=\"2\"><strong>Sprawy og\u00f3lnofestiwalowe:\u00a0<\/strong><\/td>\n<td>danai [at] dreamhaven [dot] pl<\/td>\n<\/tr>\n<tr>\n<td>zelest [at] dreamhaven [dot] pl<\/td>\n<\/tr>\n<tr>\n<td><strong>Program:<\/strong><\/td>\n<td>braids [at] dreamhaven [dot] pl<\/td>\n<\/tr>\n<tr>\n<td><strong>Sprawy logistyczne:<\/strong><\/td>\n<td>zelest [at] dreamhaven [dot] pl<\/td>\n<\/tr>\n<tr>\n<td><strong>Gra g\u0142\u00f3wna:<\/strong><\/td>\n<td>gg\u00a0 [at] dreamhaven [dot] pl<\/td>\n<\/tr>\n<\/tbody>\n<\/table>\n","protected":false},"excerpt":{"rendered":"<p>Zapraszamy do kontaktowania si\u0119 z nami drog\u0105 mailow\u0105 na adres:\u00a0\u00a0 \u00a0 \u00a0 \u00a0 \u00a0 \u00a0 \u00a0 \u00a0 \u00a0 \u00a0 \u00a0 \u00a0 \u00a0 \u00a0 \u00a0 \u00a0 \u00a0 \u00a0 \u00a0 \u00a0 \u00a0 \u00a0 \u00a0 \u00a0 \u00a0\u00a0 Sprawy og\u00f3lnofestiwalowe:\u00a0 danai [at] dreamhaven [dot] pl zelest [at] dreamhaven [dot] pl Program: braids [at] dreamhaven [dot] pl Sprawy logistyczne: zelest &hellip; <a href=\"http:\/\/dreamhaven.pl\/2015\/kontakt\/\" class=\"more-link\">Czytaj dalej <span class=\"screen-reader-text\">Kontakt<\/span><\/a><\/p>\n","protected":false},"author":1,"featured_media":0,"parent":0,"menu_order":0,"comment_status":"closed","ping_status":"closed","template":"page-templates\/full-width-page.php","meta":{"_monsterinsights_skip_tracking":false,"_monsterinsights_sitenote_active":false,"_monsterinsights_sitenote_note":"","_monsterinsights_sitenote_category":0,"jetpack_post_was_ever_published":false,"footnotes":""},"class_list":["post-37","page","type-page","status-publish","hentry"],"yoast_head":"<!-- This site is optimized with the Yoast SEO plugin v27.2 - https:\/\/yoast.com\/product\/yoast-seo-wordpress\/ -->\n<title>Kontakt - DreamHaven 2015<\/title>\n<meta name=\"robots\" content=\"index, follow, max-snippet:-1, max-image-preview:large, max-video-preview:-1\" \/>\n<link rel=\"canonical\" href=\"http:\/\/dreamhaven.pl\/2015\/kontakt\/\" \/>\n<meta property=\"og:locale\" content=\"pl_PL\" \/>\n<meta property=\"og:type\" content=\"article\" \/>\n<meta property=\"og:title\" content=\"Kontakt - DreamHaven 2015\" \/>\n<meta property=\"og:description\" content=\"Zapraszamy do kontaktowania si\u0119 z nami drog\u0105 mailow\u0105 na adres:\u00a0\u00a0 \u00a0 \u00a0 \u00a0 \u00a0 \u00a0 \u00a0 \u00a0 \u00a0 \u00a0 \u00a0 \u00a0 \u00a0 \u00a0 \u00a0 \u00a0 \u00a0 \u00a0 \u00a0 \u00a0 \u00a0 \u00a0 \u00a0 \u00a0 \u00a0\u00a0 Sprawy og\u00f3lnofestiwalowe:\u00a0 danai [at] dreamhaven [dot] pl zelest [at] dreamhaven [dot] pl Program: braids [at] dreamhaven [dot] pl Sprawy logistyczne: zelest &hellip; Czytaj dalej Kontakt\" \/>\n<meta property=\"og:url\" content=\"http:\/\/dreamhaven.pl\/2015\/kontakt\/\" \/>\n<meta property=\"og:site_name\" content=\"DreamHaven 2015\" \/>\n<meta property=\"article:modified_time\" content=\"2017-03-21T00:40:53+00:00\" \/>\n<meta name=\"twitter:card\" content=\"summary_large_image\" \/>\n<script type=\"application\/ld+json\" class=\"yoast-schema-graph\">{\"@context\":\"https:\/\/schema.org\",\"@graph\":[{\"@type\":\"WebPage\",\"@id\":\"http:\/\/dreamhaven.pl\/2015\/kontakt\/\",\"url\":\"http:\/\/dreamhaven.pl\/2015\/kontakt\/\",\"name\":\"Kontakt - DreamHaven 2015\",\"isPartOf\":{\"@id\":\"http:\/\/dreamhaven.pl\/2015\/#website\"},\"datePublished\":\"2014-12-20T22:11:04+00:00\",\"dateModified\":\"2017-03-21T00:40:53+00:00\",\"breadcrumb\":{\"@id\":\"http:\/\/dreamhaven.pl\/2015\/kontakt\/#breadcrumb\"},\"inLanguage\":\"pl-PL\",\"potentialAction\":[{\"@type\":\"ReadAction\",\"target\":[\"http:\/\/dreamhaven.pl\/2015\/kontakt\/\"]}]},{\"@type\":\"BreadcrumbList\",\"@id\":\"http:\/\/dreamhaven.pl\/2015\/kontakt\/#breadcrumb\",\"itemListElement\":[{\"@type\":\"ListItem\",\"position\":1,\"name\":\"Home\",\"item\":\"http:\/\/dreamhaven.pl\/2015\/\"},{\"@type\":\"ListItem\",\"position\":2,\"name\":\"Kontakt\"}]},{\"@type\":\"WebSite\",\"@id\":\"http:\/\/dreamhaven.pl\/2015\/#website\",\"url\":\"http:\/\/dreamhaven.pl\/2015\/\",\"name\":\"DreamHaven 2015\",\"description\":\"Festiwal Innowacji Larpowych\",\"potentialAction\":[{\"@type\":\"SearchAction\",\"target\":{\"@type\":\"EntryPoint\",\"urlTemplate\":\"http:\/\/dreamhaven.pl\/2015\/?s={search_term_string}\"},\"query-input\":{\"@type\":\"PropertyValueSpecification\",\"valueRequired\":true,\"valueName\":\"search_term_string\"}}],\"inLanguage\":\"pl-PL\"}]}<\/script>\n<!-- \/ Yoast SEO plugin. -->","yoast_head_json":{"title":"Kontakt - DreamHaven 2015","robots":{"index":"index","follow":"follow","max-snippet":"max-snippet:-1","max-image-preview":"max-image-preview:large","max-video-preview":"max-video-preview:-1"},"canonical":"http:\/\/dreamhaven.pl\/2015\/kontakt\/","og_locale":"pl_PL","og_type":"article","og_title":"Kontakt - DreamHaven 2015","og_description":"Zapraszamy do kontaktowania si\u0119 z nami drog\u0105 mailow\u0105 na adres:\u00a0\u00a0 \u00a0 \u00a0 \u00a0 \u00a0 \u00a0 \u00a0 \u00a0 \u00a0 \u00a0 \u00a0 \u00a0 \u00a0 \u00a0 \u00a0 \u00a0 \u00a0 \u00a0 \u00a0 \u00a0 \u00a0 \u00a0 \u00a0 \u00a0 \u00a0\u00a0 Sprawy og\u00f3lnofestiwalowe:\u00a0 danai [at] dreamhaven [dot] pl zelest [at] dreamhaven [dot] pl Program: braids [at] dreamhaven [dot] pl Sprawy logistyczne: zelest &hellip; Czytaj dalej Kontakt","og_url":"http:\/\/dreamhaven.pl\/2015\/kontakt\/","og_site_name":"DreamHaven 2015","article_modified_time":"2017-03-21T00:40:53+00:00","twitter_card":"summary_large_image","schema":{"@context":"https:\/\/schema.org","@graph":[{"@type":"WebPage","@id":"http:\/\/dreamhaven.pl\/2015\/kontakt\/","url":"http:\/\/dreamhaven.pl\/2015\/kontakt\/","name":"Kontakt - DreamHaven 2015","isPartOf":{"@id":"http:\/\/dreamhaven.pl\/2015\/#website"},"datePublished":"2014-12-20T22:11:04+00:00","dateModified":"2017-03-21T00:40:53+00:00","breadcrumb":{"@id":"http:\/\/dreamhaven.pl\/2015\/kontakt\/#breadcrumb"},"inLanguage":"pl-PL","potentialAction":[{"@type":"ReadAction","target":["http:\/\/dreamhaven.pl\/2015\/kontakt\/"]}]},{"@type":"BreadcrumbList","@id":"http:\/\/dreamhaven.pl\/2015\/kontakt\/#breadcrumb","itemListElement":[{"@type":"ListItem","position":1,"name":"Home","item":"http:\/\/dreamhaven.pl\/2015\/"},{"@type":"ListItem","position":2,"name":"Kontakt"}]},{"@type":"WebSite","@id":"http:\/\/dreamhaven.pl\/2015\/#website","url":"http:\/\/dreamhaven.pl\/2015\/","name":"DreamHaven 2015","description":"Festiwal Innowacji Larpowych","potentialAction":[{"@type":"SearchAction","target":{"@type":"EntryPoint","urlTemplate":"http:\/\/dreamhaven.pl\/2015\/?s={search_term_string}"},"query-input":{"@type":"PropertyValueSpecification","valueRequired":true,"valueName":"search_term_string"}}],"inLanguage":"pl-PL"}]}},"jetpack_sharing_enabled":true,"jetpack_shortlink":"https:\/\/wp.me\/P73JPe-B","jetpack_likes_enabled":true,"_links":{"self":[{"href":"http:\/\/dreamhaven.pl\/2015\/wp-json\/wp\/v2\/pages\/37","targetHints":{"allow":["GET"]}}],"collection":[{"href":"http:\/\/dreamhaven.pl\/2015\/wp-json\/wp\/v2\/pages"}],"about":[{"href":"http:\/\/dreamhaven.pl\/2015\/wp-json\/wp\/v2\/types\/page"}],"author":[{"embeddable":true,"href":"http:\/\/dreamhaven.pl\/2015\/wp-json\/wp\/v2\/users\/1"}],"replies":[{"embeddable":true,"href":"http:\/\/dreamhaven.pl\/2015\/wp-json\/wp\/v2\/comments?post=37"}],"version-history":[{"count":3,"href":"http:\/\/dreamhaven.pl\/2015\/wp-json\/wp\/v2\/pages\/37\/revisions"}],"predecessor-version":[{"id":1388,"href":"http:\/\/dreamhaven.pl\/2015\/wp-json\/wp\/v2\/pages\/37\/revisions\/1388"}],"wp:attachment":[{"href":"http:\/\/dreamhaven.pl\/2015\/wp-json\/wp\/v2\/media?parent=37"}],"curies":[{"name":"wp","href":"https:\/\/api.w.org\/{rel}","templated":true}]}}