{"id":39,"date":"2014-12-20T22:28:37","date_gmt":"2014-12-20T22:28:37","guid":{"rendered":"http:\/\/dreamhaven.pl\/2015\/?page_id=39"},"modified":"2015-01-28T22:51:12","modified_gmt":"2015-01-28T21:51:12","slug":"chce-przyjechac","status":"publish","type":"page","link":"https:\/\/dreamhaven.pl\/2015\/chce-przyjechac\/","title":{"rendered":"Chc\u0119 przyjecha\u0107"},"content":{"rendered":"<p><strong>Super!<\/strong> Cieszymy si\u0119, \u017ce sp\u0119dzisz z nami czas. Na pocz\u0105tek bazowe informacje:<\/p>\n<p>Ka\u017cda z opcji akredytacji obejmuje udzia\u0142 we wszystkich punktach programu, oraz dost\u0119p do Alaska\u0144skich wyg\u00f3d, czyli:<\/p>\n<ul>\n<li>wsp\u00f3lnej kuchni z kuchenk\u0105 gazow\u0105, lod\u00f3wk\u0105 i szafkami (warto zabra\u0107 w\u0142asne garnki, bo czasem jest kolejka),<\/li>\n<li>zimnej woda z kranu w dw\u00f3ch umywalniach,<\/li>\n<li>porcelanowych toalet klasy miejskiej,<\/li>\n<li>parkingu.<\/li>\n<\/ul>\n<p>Na miejscu jest <strong>sklepik<\/strong>, gdzie mo\u017cna naby\u0107 podstawowe produkty, zapisa\u0107 na <strong>dow\u00f3z wiejskiego chleba<\/strong> na nast\u0119pny dzie\u0144 lub wykupi\u0107 <strong>karnet na ciep\u0142y prysznic.<\/strong> B\u0119dzie r\u00f3wnie\u017c opcja zam\u00f3wienia <strong>gor\u0105cego obiadu<\/strong>.<\/p>\n<p>Dla Waszej wygody ilo\u015b\u0107 uczestnik\u00f3w imprezy jest ograniczona do <strong>150 miejsc.<\/strong> Zale\u017cy nam na tym, \u017ceby by\u0142o Wam maksymalnie komfortowo, to obejmuje tak\u017ce nie chodzenie sobie po g\u0142owach.<\/p>\n<p><strong>1. Przyje\u017cd\u017cam na Dreamhaven (9 dni) w opcjach:<br \/><\/strong><\/p>\n<p>&#8211; pole namiotowe (Trawiaste. Drzewiaste. Cieniste lub s\u0142oneczne. Ot, pole.) \u2013 100 miejsc, 135 z\u0142\/ 9 dni<\/p>\n<p><del>&#8211; domek traperski w klimacie (dla entuzjast\u00f3w immersji) \u2013 8 miejsc, \u00a0225 z\u0142\/ 9 dni<\/del><\/p>\n<p><del>&#8211; domek traperskie (drewniane domki z \u00a02 pokojami, po 4 \u0142\u00f3\u017cka w ka\u017cdym pokoju g\u0105bkowe materace) \u00a0&#8211; 46 miejsc, 245 z\u0142\/9 dni<\/del><\/p>\n<p><del>&#8211; super-vip-pok\u00f3j z \u0142azienk\u0105 na pi\u0119trze (z \u0142\u00f3\u017ckiem, sto\u0142em i szaf\u0105!) \u2013 3 miejsca &#8211; 495 z\u0142\/9 dni<\/del><\/p>\n<p><strong>2.<\/strong> <strong>Przyje\u017cd\u017cam na 1-2-3 (tylko pole namiotowe, maksymalnie 3 dni)<\/strong> &#8211; 35 z\u0142\/ 1 dzie\u0144<\/p>\n<p><a title=\"Formularz akredytacyjny\" href=\"http:\/\/dreamhaven.pl\/2015\/formularz-akredytacyjny\/\">\u00a0[FORMULARZ AKREDYTACYJNY]<\/a><\/p>\n<p>Wp\u0142at\u0119 za udzia\u0142 nale\u017cy wnie\u015b\u0107 przelewem na konto &#8211; miejsce jest wst\u0119pnie zarezerwowane przez 7 dni, tyle czekamy a\u017c przelew do nas dotrze. P\u00f3\u017aniej miejsce zostanie zwolnione.<\/p>\n<p>29 1160 2202 0000 0002 3564 8881<\/p>\n<p>Stowarzyszenie Tw\u00f3rc\u00f3w Gier &#8222;Funreal&#8221;<br \/>ul. Legion\u00f3w 100B\/76<br \/>81-472 Gdynia<\/p>\n<p>W tytule prosimy podajcie: <br \/>Op\u0142ata na cele statutowe stowarzyszenia: DH2015 oraz imiona i nazwiska os\u00f3b za kt\u00f3re p\u0142acicie.<\/p>\n<p><strong>3. Co, je\u015bli oka\u017ce si\u0119 \u017ce jednak nie mog\u0119 przyjecha\u0107?<\/strong><\/p>\n<p>Wiemy, \u017ce w \u017cyciu r\u00f3\u017cnie bywa &#8211; czasem rzeczy po prostu si\u0119 dziej\u0105.<\/p>\n<ul>\n<li>100% &#8211; 5z\u0142\u00a0 &#8211; do ko\u0144ca marca.<\/li>\n<li>50% &#8211; do momentu wys\u0142ania karty postaci (circa 15 maja)<\/li>\n<li>po 15 maja &#8211; brak zwrot\u00f3w.<\/li>\n<\/ul>\n<p>Do ostatniej chwili mo\u017cliwe jest odst\u0105pienie\/odsprzedanie wej\u015bci\u00f3wki.<\/p>\n<p>Uwaga! Organizatorzy zastrzegaj\u0105 sobie prawo do zmiany programu imprezy nawet w jej trakcie. Zwrot akredytacji nie b\u0119dzie mo\u017cliwy z powodu nie odbycia si\u0119 jakiego\u015b punktu programu w danym dniu. W przypadku przyjazdu na 1-2-3 prosimy w tytule przelewu i w uwagach w formularzu akredytacyjnym poda\u0107 jakich termin\u00f3w dotyczy akredytacja.<\/p>\n<p>Wszystkie istotne informacje podajemy tak\u017ce na naszym <a title=\"fanpage'u na FB\" href=\"https:\/\/www.facebook.com\/fil.dreamhaven\">fanpage\u2019u \u00a0na FB<\/a> oraz na wydarzeniu \u2013 warto polubi\u0107, \u017ceby niczego nie przegapi\u0107 (na przyk\u0142ad zapis\u00f3w na koszulki \ud83d\ude09<\/p>\n","protected":false},"excerpt":{"rendered":"<p>Super! Cieszymy si\u0119, \u017ce sp\u0119dzisz z nami czas. Na pocz\u0105tek bazowe informacje: Ka\u017cda z opcji akredytacji obejmuje udzia\u0142 we wszystkich punktach programu, oraz dost\u0119p do Alaska\u0144skich wyg\u00f3d, czyli: wsp\u00f3lnej kuchni z kuchenk\u0105 gazow\u0105, lod\u00f3wk\u0105 i szafkami (warto zabra\u0107 w\u0142asne garnki, bo czasem jest kolejka), zimnej woda z kranu w dw\u00f3ch umywalniach, porcelanowych toalet klasy miejskiej, &hellip; <a href=\"https:\/\/dreamhaven.pl\/2015\/chce-przyjechac\/\" class=\"more-link\">Czytaj dalej <span class=\"screen-reader-text\">Chc\u0119 przyjecha\u0107<\/span><\/a><\/p>\n","protected":false},"author":1,"featured_media":303,"parent":0,"menu_order":0,"comment_status":"closed","ping_status":"closed","template":"page-templates\/full-width-page.php","meta":{"_monsterinsights_skip_tracking":false,"_monsterinsights_sitenote_active":false,"_monsterinsights_sitenote_note":"","_monsterinsights_sitenote_category":0,"jetpack_post_was_ever_published":false,"footnotes":""},"class_list":["post-39","page","type-page","status-publish","has-post-thumbnail","hentry"],"yoast_head":"<!-- This site is optimized with the Yoast SEO plugin v27.2 - https:\/\/yoast.com\/product\/yoast-seo-wordpress\/ -->\n<title>Chc\u0119 przyjecha\u0107 - DreamHaven 2015<\/title>\n<meta name=\"robots\" content=\"index, follow, max-snippet:-1, max-image-preview:large, max-video-preview:-1\" \/>\n<link rel=\"canonical\" href=\"https:\/\/dreamhaven.pl\/2015\/chce-przyjechac\/\" \/>\n<meta property=\"og:locale\" content=\"pl_PL\" \/>\n<meta property=\"og:type\" content=\"article\" \/>\n<meta property=\"og:title\" content=\"Chc\u0119 przyjecha\u0107 - DreamHaven 2015\" \/>\n<meta property=\"og:description\" content=\"Super! Cieszymy si\u0119, \u017ce sp\u0119dzisz z nami czas. Na pocz\u0105tek bazowe informacje: Ka\u017cda z opcji akredytacji obejmuje udzia\u0142 we wszystkich punktach programu, oraz dost\u0119p do Alaska\u0144skich wyg\u00f3d, czyli: wsp\u00f3lnej kuchni z kuchenk\u0105 gazow\u0105, lod\u00f3wk\u0105 i szafkami (warto zabra\u0107 w\u0142asne garnki, bo czasem jest kolejka), zimnej woda z kranu w dw\u00f3ch umywalniach, porcelanowych toalet klasy miejskiej, &hellip; Czytaj dalej Chc\u0119 przyjecha\u0107\" \/>\n<meta property=\"og:url\" content=\"https:\/\/dreamhaven.pl\/2015\/chce-przyjechac\/\" \/>\n<meta property=\"og:site_name\" content=\"DreamHaven 2015\" \/>\n<meta property=\"article:modified_time\" content=\"2015-01-28T21:51:12+00:00\" \/>\n<meta property=\"og:image\" content=\"https:\/\/i0.wp.com\/dreamhaven.pl\/2015\/wp-content\/uploads\/sites\/2\/2014\/12\/program.jpg?fit=1230%2C409&ssl=1\" \/>\n\t<meta property=\"og:image:width\" content=\"1230\" \/>\n\t<meta property=\"og:image:height\" content=\"409\" \/>\n\t<meta property=\"og:image:type\" content=\"image\/jpeg\" \/>\n<meta name=\"twitter:card\" content=\"summary_large_image\" \/>\n<meta name=\"twitter:label1\" content=\"Szacowany czas czytania\" \/>\n\t<meta name=\"twitter:data1\" content=\"2 minuty\" \/>\n<script type=\"application\/ld+json\" class=\"yoast-schema-graph\">{\"@context\":\"https:\/\/schema.org\",\"@graph\":[{\"@type\":\"WebPage\",\"@id\":\"https:\/\/dreamhaven.pl\/2015\/chce-przyjechac\/\",\"url\":\"https:\/\/dreamhaven.pl\/2015\/chce-przyjechac\/\",\"name\":\"Chc\u0119 przyjecha\u0107 - DreamHaven 2015\",\"isPartOf\":{\"@id\":\"http:\/\/dreamhaven.pl\/2015\/#website\"},\"primaryImageOfPage\":{\"@id\":\"https:\/\/dreamhaven.pl\/2015\/chce-przyjechac\/#primaryimage\"},\"image\":{\"@id\":\"https:\/\/dreamhaven.pl\/2015\/chce-przyjechac\/#primaryimage\"},\"thumbnailUrl\":\"https:\/\/i0.wp.com\/dreamhaven.pl\/2015\/wp-content\/uploads\/sites\/2\/2014\/12\/program.jpg?fit=1230%2C409&ssl=1\",\"datePublished\":\"2014-12-20T22:28:37+00:00\",\"dateModified\":\"2015-01-28T21:51:12+00:00\",\"breadcrumb\":{\"@id\":\"https:\/\/dreamhaven.pl\/2015\/chce-przyjechac\/#breadcrumb\"},\"inLanguage\":\"pl-PL\",\"potentialAction\":[{\"@type\":\"ReadAction\",\"target\":[\"https:\/\/dreamhaven.pl\/2015\/chce-przyjechac\/\"]}]},{\"@type\":\"ImageObject\",\"inLanguage\":\"pl-PL\",\"@id\":\"https:\/\/dreamhaven.pl\/2015\/chce-przyjechac\/#primaryimage\",\"url\":\"https:\/\/i0.wp.com\/dreamhaven.pl\/2015\/wp-content\/uploads\/sites\/2\/2014\/12\/program.jpg?fit=1230%2C409&ssl=1\",\"contentUrl\":\"https:\/\/i0.wp.com\/dreamhaven.pl\/2015\/wp-content\/uploads\/sites\/2\/2014\/12\/program.jpg?fit=1230%2C409&ssl=1\",\"width\":1230,\"height\":409},{\"@type\":\"BreadcrumbList\",\"@id\":\"https:\/\/dreamhaven.pl\/2015\/chce-przyjechac\/#breadcrumb\",\"itemListElement\":[{\"@type\":\"ListItem\",\"position\":1,\"name\":\"Home\",\"item\":\"http:\/\/dreamhaven.pl\/2015\/\"},{\"@type\":\"ListItem\",\"position\":2,\"name\":\"Chc\u0119 przyjecha\u0107\"}]},{\"@type\":\"WebSite\",\"@id\":\"http:\/\/dreamhaven.pl\/2015\/#website\",\"url\":\"http:\/\/dreamhaven.pl\/2015\/\",\"name\":\"DreamHaven 2015\",\"description\":\"Festiwal Innowacji Larpowych\",\"potentialAction\":[{\"@type\":\"SearchAction\",\"target\":{\"@type\":\"EntryPoint\",\"urlTemplate\":\"http:\/\/dreamhaven.pl\/2015\/?s={search_term_string}\"},\"query-input\":{\"@type\":\"PropertyValueSpecification\",\"valueRequired\":true,\"valueName\":\"search_term_string\"}}],\"inLanguage\":\"pl-PL\"}]}<\/script>\n<!-- \/ Yoast SEO plugin. -->","yoast_head_json":{"title":"Chc\u0119 przyjecha\u0107 - DreamHaven 2015","robots":{"index":"index","follow":"follow","max-snippet":"max-snippet:-1","max-image-preview":"max-image-preview:large","max-video-preview":"max-video-preview:-1"},"canonical":"https:\/\/dreamhaven.pl\/2015\/chce-przyjechac\/","og_locale":"pl_PL","og_type":"article","og_title":"Chc\u0119 przyjecha\u0107 - DreamHaven 2015","og_description":"Super! Cieszymy si\u0119, \u017ce sp\u0119dzisz z nami czas. Na pocz\u0105tek bazowe informacje: Ka\u017cda z opcji akredytacji obejmuje udzia\u0142 we wszystkich punktach programu, oraz dost\u0119p do Alaska\u0144skich wyg\u00f3d, czyli: wsp\u00f3lnej kuchni z kuchenk\u0105 gazow\u0105, lod\u00f3wk\u0105 i szafkami (warto zabra\u0107 w\u0142asne garnki, bo czasem jest kolejka), zimnej woda z kranu w dw\u00f3ch umywalniach, porcelanowych toalet klasy miejskiej, &hellip; Czytaj dalej Chc\u0119 przyjecha\u0107","og_url":"https:\/\/dreamhaven.pl\/2015\/chce-przyjechac\/","og_site_name":"DreamHaven 2015","article_modified_time":"2015-01-28T21:51:12+00:00","og_image":[{"width":1230,"height":409,"url":"https:\/\/i0.wp.com\/dreamhaven.pl\/2015\/wp-content\/uploads\/sites\/2\/2014\/12\/program.jpg?fit=1230%2C409&ssl=1","type":"image\/jpeg"}],"twitter_card":"summary_large_image","twitter_misc":{"Szacowany czas czytania":"2 minuty"},"schema":{"@context":"https:\/\/schema.org","@graph":[{"@type":"WebPage","@id":"https:\/\/dreamhaven.pl\/2015\/chce-przyjechac\/","url":"https:\/\/dreamhaven.pl\/2015\/chce-przyjechac\/","name":"Chc\u0119 przyjecha\u0107 - DreamHaven 2015","isPartOf":{"@id":"http:\/\/dreamhaven.pl\/2015\/#website"},"primaryImageOfPage":{"@id":"https:\/\/dreamhaven.pl\/2015\/chce-przyjechac\/#primaryimage"},"image":{"@id":"https:\/\/dreamhaven.pl\/2015\/chce-przyjechac\/#primaryimage"},"thumbnailUrl":"https:\/\/i0.wp.com\/dreamhaven.pl\/2015\/wp-content\/uploads\/sites\/2\/2014\/12\/program.jpg?fit=1230%2C409&ssl=1","datePublished":"2014-12-20T22:28:37+00:00","dateModified":"2015-01-28T21:51:12+00:00","breadcrumb":{"@id":"https:\/\/dreamhaven.pl\/2015\/chce-przyjechac\/#breadcrumb"},"inLanguage":"pl-PL","potentialAction":[{"@type":"ReadAction","target":["https:\/\/dreamhaven.pl\/2015\/chce-przyjechac\/"]}]},{"@type":"ImageObject","inLanguage":"pl-PL","@id":"https:\/\/dreamhaven.pl\/2015\/chce-przyjechac\/#primaryimage","url":"https:\/\/i0.wp.com\/dreamhaven.pl\/2015\/wp-content\/uploads\/sites\/2\/2014\/12\/program.jpg?fit=1230%2C409&ssl=1","contentUrl":"https:\/\/i0.wp.com\/dreamhaven.pl\/2015\/wp-content\/uploads\/sites\/2\/2014\/12\/program.jpg?fit=1230%2C409&ssl=1","width":1230,"height":409},{"@type":"BreadcrumbList","@id":"https:\/\/dreamhaven.pl\/2015\/chce-przyjechac\/#breadcrumb","itemListElement":[{"@type":"ListItem","position":1,"name":"Home","item":"http:\/\/dreamhaven.pl\/2015\/"},{"@type":"ListItem","position":2,"name":"Chc\u0119 przyjecha\u0107"}]},{"@type":"WebSite","@id":"http:\/\/dreamhaven.pl\/2015\/#website","url":"http:\/\/dreamhaven.pl\/2015\/","name":"DreamHaven 2015","description":"Festiwal Innowacji Larpowych","potentialAction":[{"@type":"SearchAction","target":{"@type":"EntryPoint","urlTemplate":"http:\/\/dreamhaven.pl\/2015\/?s={search_term_string}"},"query-input":{"@type":"PropertyValueSpecification","valueRequired":true,"valueName":"search_term_string"}}],"inLanguage":"pl-PL"}]}},"jetpack_sharing_enabled":true,"jetpack_shortlink":"https:\/\/wp.me\/P73JPe-D","jetpack_likes_enabled":true,"_links":{"self":[{"href":"https:\/\/dreamhaven.pl\/2015\/wp-json\/wp\/v2\/pages\/39","targetHints":{"allow":["GET"]}}],"collection":[{"href":"https:\/\/dreamhaven.pl\/2015\/wp-json\/wp\/v2\/pages"}],"about":[{"href":"https:\/\/dreamhaven.pl\/2015\/wp-json\/wp\/v2\/types\/page"}],"author":[{"embeddable":true,"href":"https:\/\/dreamhaven.pl\/2015\/wp-json\/wp\/v2\/users\/1"}],"replies":[{"embeddable":true,"href":"https:\/\/dreamhaven.pl\/2015\/wp-json\/wp\/v2\/comments?post=39"}],"version-history":[{"count":0,"href":"https:\/\/dreamhaven.pl\/2015\/wp-json\/wp\/v2\/pages\/39\/revisions"}],"wp:featuredmedia":[{"embeddable":true,"href":"https:\/\/dreamhaven.pl\/2015\/wp-json\/wp\/v2\/media\/303"}],"wp:attachment":[{"href":"https:\/\/dreamhaven.pl\/2015\/wp-json\/wp\/v2\/media?parent=39"}],"curies":[{"name":"wp","href":"https:\/\/api.w.org\/{rel}","templated":true}]}}