{"id":414,"date":"2015-01-17T18:22:32","date_gmt":"2015-01-17T17:22:32","guid":{"rendered":"http:\/\/dreamhaven.pl\/2015\/?page_id=414"},"modified":"2017-03-21T01:56:09","modified_gmt":"2017-03-21T00:56:09","slug":"przyjezdni","status":"publish","type":"page","link":"https:\/\/dreamhaven.pl\/2015\/przyjezdni\/","title":{"rendered":"Przyjezdni"},"content":{"rendered":"<p><a href=\"http:\/\/dreamhaven.pl\/2015\/ii-tura-zgloszen-przyjezdni\/\">Lista Przyjezdnych<\/a><\/p>\n<h2>Opis fabularny<\/h2>\n<p>Wolne duchy, podr\u00f3\u017cnicy, ludzie, dla kt\u00f3rych preria jest domem, a miasta zbyt ciasne, by pozostawa\u0107 w nich na sta\u0142e. Znajdziesz tu ca\u0142\u0105, kolorow\u0105 gam\u0119 postaci Dzikiego Zachodu: Nieust\u0119pliwych poszukiwaczy z\u0142ota, traper\u00f3w, kt\u00f3rzy chodz\u0105 \u015bcie\u017ckami Indian, zach\u0142annych kupc\u00f3w oraz wielu tych, kt\u00f3rzy \u017cyj\u0105 poza prawem i bardzo niewielu tych, kt\u00f3rzy samozwa\u0144czo tego prawa strzeg\u0105. Objazdowa trupa cyrkowa &#8211; Carnivale, gdzie znajdziesz rozrywk\u0119 i tajemnice. Kuglarze, sztukmistrze, si\u0142acze, mistycy i kabaret pe\u0142en pi\u0119knych kobiet. W\u015br\u00f3d przyjezdnych znajdziesz najr\u00f3\u017cniejsze kolory sk\u00f3ry, najr\u00f3\u017cniejsze religie i najr\u00f3\u017cniejsze tajemnice. Mo\u017cesz spotka\u0107 mieszanego Kreola z Nowego Orleanu, wiecznie pijanego Irlandczyka z Bostonu czy ponurych Meksykan\u00f3w a razem z nimi, czasami, w cieniu, niepokoj\u0105ce cho\u0107 pi\u0119kne &#8211; Donne Muerte o twarzach pokrytych makija\u017cem przypominaj\u0105cym czaszk\u0119.<\/p>\n<p><img data-recalc-dims=\"1\" loading=\"lazy\" decoding=\"async\" class=\"  wp-image-439 aligncenter\" src=\"https:\/\/i0.wp.com\/dreamhaven.pl\/2015\/wp-content\/uploads\/2015\/01\/10935114_763242460396374_1031414605_o-300x185.jpg?resize=361%2C223\" alt=\"10935114_763242460396374_1031414605_o\" width=\"361\" height=\"223\" \/><\/p>\n<p style=\"text-align: left;\">Je\u015bli nie mo\u017cesz nigdzie zagrza\u0107 miejsca, je\u015bli czujesz zew drogi i niesko\u0144czonej przestrzeni, je\u015bli dusisz si\u0119 w ciasnej atmosferze miasteczek, je\u015bli ludzie garn\u0105 si\u0119 do ciebie, g\u0142odni nowych opowie\u015bci, ale wiecznie nieufni, je\u015bli widzia\u0142e\u015b zbyt wiele i tajemnice kr\u0105\u017c\u0105 w twojej krwi &#8211; nale\u017cysz do nas. Do ludzi niepokoju, do zawsze obcych, do zawsze &#8222;przyjezdnych&#8221;.<\/p>\n<p style=\"text-align: center;\"><a href=\"https:\/\/i0.wp.com\/dreamhaven.pl\/2015\/wp-content\/uploads\/2015\/01\/cowboy-trails.jpg\"><img data-recalc-dims=\"1\" loading=\"lazy\" decoding=\"async\" class=\"alignnone  wp-image-465\" src=\"https:\/\/i0.wp.com\/dreamhaven.pl\/2015\/wp-content\/uploads\/2015\/01\/cowboy-trails-300x240.jpg?resize=346%2C276\" alt=\"cowboy-trails\" width=\"346\" height=\"276\" \/><\/a>\u00a0<a href=\"http:\/\/dreamhaven.pl\/2015\/wp-content\/uploads\/2015\/01\/Wild-West-Orange-Bakcground.jpg\">\u00a0<\/a><\/p>\n<h2>Opis techniczny<\/h2>\n<p>Witaj, W\u0119drowcze!<\/p>\n<p>Przyjezdni to grupa skierowana do wolnych duch\u00f3w, kt\u00f3re nie zagrza\u0142yby miejsca w miasteczku czy innej zwartej spo\u0142eczno\u015bci na d\u0142u\u017cej. Nie maj\u0105 sta\u0142ej siedziby, nastawiajcie si\u0119 wi\u0119c na rozbijanie prowizorycznych oboz\u00f3w (zw\u0142aszcza, gdy m\u00f3wimy o trupie cyrkowej) \u2013 liczcie si\u0119 wi\u0119c z konieczno\u015bci\u0105 przygotowania ekwipunku, jaki uwa\u017cacie za potrzebny do odegrania czego\u015b takiego, rozpa\u0142ki na ognisko, czego\u015b do spania, prowiantu\u2026 &#8211; lub go\u015bcin\u0119 u kogo\u015b innego. Z tego tytu\u0142u szykujcie sobie prostsze, podr\u00f3\u017cne stroje, cho\u0107by\u015bcie mieli zagra\u0107 bogacza przybywaj\u0105cego w interesach.<\/p>\n<p>Nie obowi\u0105zuj\u0105 Was \u017cadne sp\u00f3jne zasady, opr\u00f3cz tych, kt\u00f3re ukszta\u0142towa\u0142o pochodzenie Waszej postaci oraz miejsce, do kt\u00f3rego trafiacie. Czego innego spodziewamy si\u0119 po rewolwerowcach czy traperach, a czego innego po Meksykanach (jakie\u015b ponczo czy sombrero by\u0142oby mile widziane). Trudy szlaku wymagaj\u0105 od Was noszenia broni, ale liczcie si\u0119 z tym, \u017ce w mie\u015bcie b\u0119dziecie musieli j\u0105 zda\u0107. Albo sprytnie przemyci\u0107.<\/p>\n<p>Je\u015bli chcieli\u015bcie zagra\u0107 bohatera z daleka, wyj\u0119tego spod prawa lub po prostu nie pasuj\u0105cego do norm spo\u0142ecznych, to trafili\u015bcie we w\u0142a\u015bciwe miejsce. Przygotowujcie si\u0119 na bardzo r\u00f3\u017cne przyj\u0119cie ze strony innych graczy, wcielaj\u0105cych si\u0119 w miejscowych. Zw\u0142aszcza, \u017ce, jak wspomnieli\u015bmy, w\u015br\u00f3d Przyjezdnych znajdzie si\u0119 miejsce dla biznesmen\u00f3w, rewolwerowc\u00f3w, bandyt\u00f3w, wyrzutk\u00f3w Indian, Meksykan i ka\u017cdego spo\u0142ecznego elementu, kt\u00f3ry by\u0142 ledwie akceptowany \u2013 ale jak\u017ce ciekawy.<\/p>\n<p>Chcieliby\u015bmy, \u017ceby\u015bcie podeszli do swojej gry filmowo i narracyjnie. Szukajcie sposobno\u015bci do odegrania mocnych, efektownych lub poruszaj\u0105cych scen. Play to loose. B\u0105d\u017acie jak Dzika Banda. Jak Dobry, jak Z\u0142y lub jak Brzydki. B\u0105d\u017acie jak Wyat Earp. Jak Mattie Ross z \u201ePrawdziwego m\u0119stwa\u201d. R\u00f3bcie klimat sobie i wszystkim wok\u00f3\u0142. Bawcie si\u0119 swoj\u0105 osobowo\u015bci\u0105, wizerunkiem i w\u0105tkami. Jednak\u017ce nawet w tej filmowo\u015bci spodziewajcie si\u0119 r\u00f3\u017cnorodno\u015bci \u2013 niekt\u00f3rzy spotkaj\u0105 si\u0119 z przewag\u0105 dramatyzmu, inni przygody i pastiszu, a najpewniej do\u015bwiadczycie wszystkiego po trochu.<\/p>\n<p>Jak to w legendach o Dzikim Zachodzie.<\/p>\n<p><strong>Tw\u00f3rcy grupy postaci:<\/strong> Hubert Sosnowski, Aleksander Tukaj,\u00a0Paulina 'Lulish&#8217; Misiukiewicz<\/p>\n","protected":false},"excerpt":{"rendered":"<p>Lista Przyjezdnych Opis fabularny Wolne duchy, podr\u00f3\u017cnicy, ludzie, dla kt\u00f3rych preria jest domem, a miasta zbyt ciasne, by pozostawa\u0107 w nich na sta\u0142e. Znajdziesz tu ca\u0142\u0105, kolorow\u0105 gam\u0119 postaci Dzikiego Zachodu: Nieust\u0119pliwych poszukiwaczy z\u0142ota, traper\u00f3w, kt\u00f3rzy chodz\u0105 \u015bcie\u017ckami Indian, zach\u0142annych kupc\u00f3w oraz wielu tych, kt\u00f3rzy \u017cyj\u0105 poza prawem i bardzo niewielu tych, kt\u00f3rzy samozwa\u0144czo tego &hellip; <a href=\"https:\/\/dreamhaven.pl\/2015\/przyjezdni\/\" class=\"more-link\">Czytaj dalej <span class=\"screen-reader-text\">Przyjezdni<\/span><\/a><\/p>\n","protected":false},"author":2,"featured_media":0,"parent":0,"menu_order":0,"comment_status":"closed","ping_status":"closed","template":"","meta":{"_monsterinsights_skip_tracking":false,"_monsterinsights_sitenote_active":false,"_monsterinsights_sitenote_note":"","_monsterinsights_sitenote_category":0,"jetpack_post_was_ever_published":false,"footnotes":""},"class_list":["post-414","page","type-page","status-publish","hentry"],"yoast_head":"<!-- This site is optimized with the Yoast SEO plugin v27.2 - https:\/\/yoast.com\/product\/yoast-seo-wordpress\/ -->\n<title>Przyjezdni - DreamHaven 2015<\/title>\n<meta name=\"robots\" content=\"index, follow, max-snippet:-1, max-image-preview:large, max-video-preview:-1\" \/>\n<link rel=\"canonical\" href=\"https:\/\/dreamhaven.pl\/2015\/przyjezdni\/\" \/>\n<meta property=\"og:locale\" content=\"pl_PL\" \/>\n<meta property=\"og:type\" content=\"article\" \/>\n<meta property=\"og:title\" content=\"Przyjezdni - DreamHaven 2015\" \/>\n<meta property=\"og:description\" content=\"Lista Przyjezdnych Opis fabularny Wolne duchy, podr\u00f3\u017cnicy, ludzie, dla kt\u00f3rych preria jest domem, a miasta zbyt ciasne, by pozostawa\u0107 w nich na sta\u0142e. Znajdziesz tu ca\u0142\u0105, kolorow\u0105 gam\u0119 postaci Dzikiego Zachodu: Nieust\u0119pliwych poszukiwaczy z\u0142ota, traper\u00f3w, kt\u00f3rzy chodz\u0105 \u015bcie\u017ckami Indian, zach\u0142annych kupc\u00f3w oraz wielu tych, kt\u00f3rzy \u017cyj\u0105 poza prawem i bardzo niewielu tych, kt\u00f3rzy samozwa\u0144czo tego &hellip; Czytaj dalej Przyjezdni\" \/>\n<meta property=\"og:url\" content=\"https:\/\/dreamhaven.pl\/2015\/przyjezdni\/\" \/>\n<meta property=\"og:site_name\" content=\"DreamHaven 2015\" \/>\n<meta property=\"article:modified_time\" content=\"2017-03-21T00:56:09+00:00\" \/>\n<meta property=\"og:image\" content=\"http:\/\/dreamhaven.pl\/2015\/wp-content\/uploads\/2015\/01\/10935114_763242460396374_1031414605_o-300x185.jpg\" \/>\n<meta name=\"twitter:card\" content=\"summary_large_image\" \/>\n<meta name=\"twitter:label1\" content=\"Szacowany czas czytania\" \/>\n\t<meta name=\"twitter:data1\" content=\"3 minuty\" \/>\n<script type=\"application\/ld+json\" class=\"yoast-schema-graph\">{\"@context\":\"https:\/\/schema.org\",\"@graph\":[{\"@type\":\"WebPage\",\"@id\":\"https:\/\/dreamhaven.pl\/2015\/przyjezdni\/\",\"url\":\"https:\/\/dreamhaven.pl\/2015\/przyjezdni\/\",\"name\":\"Przyjezdni - DreamHaven 2015\",\"isPartOf\":{\"@id\":\"http:\/\/dreamhaven.pl\/2015\/#website\"},\"primaryImageOfPage\":{\"@id\":\"https:\/\/dreamhaven.pl\/2015\/przyjezdni\/#primaryimage\"},\"image\":{\"@id\":\"https:\/\/dreamhaven.pl\/2015\/przyjezdni\/#primaryimage\"},\"thumbnailUrl\":\"http:\/\/dreamhaven.pl\/2015\/wp-content\/uploads\/2015\/01\/10935114_763242460396374_1031414605_o-300x185.jpg\",\"datePublished\":\"2015-01-17T17:22:32+00:00\",\"dateModified\":\"2017-03-21T00:56:09+00:00\",\"breadcrumb\":{\"@id\":\"https:\/\/dreamhaven.pl\/2015\/przyjezdni\/#breadcrumb\"},\"inLanguage\":\"pl-PL\",\"potentialAction\":[{\"@type\":\"ReadAction\",\"target\":[\"https:\/\/dreamhaven.pl\/2015\/przyjezdni\/\"]}]},{\"@type\":\"ImageObject\",\"inLanguage\":\"pl-PL\",\"@id\":\"https:\/\/dreamhaven.pl\/2015\/przyjezdni\/#primaryimage\",\"url\":\"http:\/\/dreamhaven.pl\/2015\/wp-content\/uploads\/2015\/01\/10935114_763242460396374_1031414605_o-300x185.jpg\",\"contentUrl\":\"http:\/\/dreamhaven.pl\/2015\/wp-content\/uploads\/2015\/01\/10935114_763242460396374_1031414605_o-300x185.jpg\"},{\"@type\":\"BreadcrumbList\",\"@id\":\"https:\/\/dreamhaven.pl\/2015\/przyjezdni\/#breadcrumb\",\"itemListElement\":[{\"@type\":\"ListItem\",\"position\":1,\"name\":\"Home\",\"item\":\"https:\/\/dreamhaven.pl\/2015\/\"},{\"@type\":\"ListItem\",\"position\":2,\"name\":\"Przyjezdni\"}]},{\"@type\":\"WebSite\",\"@id\":\"http:\/\/dreamhaven.pl\/2015\/#website\",\"url\":\"http:\/\/dreamhaven.pl\/2015\/\",\"name\":\"DreamHaven 2015\",\"description\":\"Festiwal Innowacji Larpowych\",\"potentialAction\":[{\"@type\":\"SearchAction\",\"target\":{\"@type\":\"EntryPoint\",\"urlTemplate\":\"http:\/\/dreamhaven.pl\/2015\/?s={search_term_string}\"},\"query-input\":{\"@type\":\"PropertyValueSpecification\",\"valueRequired\":true,\"valueName\":\"search_term_string\"}}],\"inLanguage\":\"pl-PL\"}]}<\/script>\n<!-- \/ Yoast SEO plugin. -->","yoast_head_json":{"title":"Przyjezdni - DreamHaven 2015","robots":{"index":"index","follow":"follow","max-snippet":"max-snippet:-1","max-image-preview":"max-image-preview:large","max-video-preview":"max-video-preview:-1"},"canonical":"https:\/\/dreamhaven.pl\/2015\/przyjezdni\/","og_locale":"pl_PL","og_type":"article","og_title":"Przyjezdni - DreamHaven 2015","og_description":"Lista Przyjezdnych Opis fabularny Wolne duchy, podr\u00f3\u017cnicy, ludzie, dla kt\u00f3rych preria jest domem, a miasta zbyt ciasne, by pozostawa\u0107 w nich na sta\u0142e. Znajdziesz tu ca\u0142\u0105, kolorow\u0105 gam\u0119 postaci Dzikiego Zachodu: Nieust\u0119pliwych poszukiwaczy z\u0142ota, traper\u00f3w, kt\u00f3rzy chodz\u0105 \u015bcie\u017ckami Indian, zach\u0142annych kupc\u00f3w oraz wielu tych, kt\u00f3rzy \u017cyj\u0105 poza prawem i bardzo niewielu tych, kt\u00f3rzy samozwa\u0144czo tego &hellip; Czytaj dalej Przyjezdni","og_url":"https:\/\/dreamhaven.pl\/2015\/przyjezdni\/","og_site_name":"DreamHaven 2015","article_modified_time":"2017-03-21T00:56:09+00:00","og_image":[{"url":"http:\/\/dreamhaven.pl\/2015\/wp-content\/uploads\/2015\/01\/10935114_763242460396374_1031414605_o-300x185.jpg","type":"","width":"","height":""}],"twitter_card":"summary_large_image","twitter_misc":{"Szacowany czas czytania":"3 minuty"},"schema":{"@context":"https:\/\/schema.org","@graph":[{"@type":"WebPage","@id":"https:\/\/dreamhaven.pl\/2015\/przyjezdni\/","url":"https:\/\/dreamhaven.pl\/2015\/przyjezdni\/","name":"Przyjezdni - DreamHaven 2015","isPartOf":{"@id":"http:\/\/dreamhaven.pl\/2015\/#website"},"primaryImageOfPage":{"@id":"https:\/\/dreamhaven.pl\/2015\/przyjezdni\/#primaryimage"},"image":{"@id":"https:\/\/dreamhaven.pl\/2015\/przyjezdni\/#primaryimage"},"thumbnailUrl":"http:\/\/dreamhaven.pl\/2015\/wp-content\/uploads\/2015\/01\/10935114_763242460396374_1031414605_o-300x185.jpg","datePublished":"2015-01-17T17:22:32+00:00","dateModified":"2017-03-21T00:56:09+00:00","breadcrumb":{"@id":"https:\/\/dreamhaven.pl\/2015\/przyjezdni\/#breadcrumb"},"inLanguage":"pl-PL","potentialAction":[{"@type":"ReadAction","target":["https:\/\/dreamhaven.pl\/2015\/przyjezdni\/"]}]},{"@type":"ImageObject","inLanguage":"pl-PL","@id":"https:\/\/dreamhaven.pl\/2015\/przyjezdni\/#primaryimage","url":"http:\/\/dreamhaven.pl\/2015\/wp-content\/uploads\/2015\/01\/10935114_763242460396374_1031414605_o-300x185.jpg","contentUrl":"http:\/\/dreamhaven.pl\/2015\/wp-content\/uploads\/2015\/01\/10935114_763242460396374_1031414605_o-300x185.jpg"},{"@type":"BreadcrumbList","@id":"https:\/\/dreamhaven.pl\/2015\/przyjezdni\/#breadcrumb","itemListElement":[{"@type":"ListItem","position":1,"name":"Home","item":"https:\/\/dreamhaven.pl\/2015\/"},{"@type":"ListItem","position":2,"name":"Przyjezdni"}]},{"@type":"WebSite","@id":"http:\/\/dreamhaven.pl\/2015\/#website","url":"http:\/\/dreamhaven.pl\/2015\/","name":"DreamHaven 2015","description":"Festiwal Innowacji Larpowych","potentialAction":[{"@type":"SearchAction","target":{"@type":"EntryPoint","urlTemplate":"http:\/\/dreamhaven.pl\/2015\/?s={search_term_string}"},"query-input":{"@type":"PropertyValueSpecification","valueRequired":true,"valueName":"search_term_string"}}],"inLanguage":"pl-PL"}]}},"jetpack_sharing_enabled":true,"jetpack_shortlink":"https:\/\/wp.me\/P73JPe-6G","jetpack_likes_enabled":true,"_links":{"self":[{"href":"https:\/\/dreamhaven.pl\/2015\/wp-json\/wp\/v2\/pages\/414","targetHints":{"allow":["GET"]}}],"collection":[{"href":"https:\/\/dreamhaven.pl\/2015\/wp-json\/wp\/v2\/pages"}],"about":[{"href":"https:\/\/dreamhaven.pl\/2015\/wp-json\/wp\/v2\/types\/page"}],"author":[{"embeddable":true,"href":"https:\/\/dreamhaven.pl\/2015\/wp-json\/wp\/v2\/users\/2"}],"replies":[{"embeddable":true,"href":"https:\/\/dreamhaven.pl\/2015\/wp-json\/wp\/v2\/comments?post=414"}],"version-history":[{"count":2,"href":"https:\/\/dreamhaven.pl\/2015\/wp-json\/wp\/v2\/pages\/414\/revisions"}],"predecessor-version":[{"id":1397,"href":"https:\/\/dreamhaven.pl\/2015\/wp-json\/wp\/v2\/pages\/414\/revisions\/1397"}],"wp:attachment":[{"href":"https:\/\/dreamhaven.pl\/2015\/wp-json\/wp\/v2\/media?parent=414"}],"curies":[{"name":"wp","href":"https:\/\/api.w.org\/{rel}","templated":true}]}}